hen 789 is divided by 36?
33
Calculate the remainder when 754 is divided by 42.
40
Calculate the remainder when 1748 is divided by 15.
8
What is the remainder when 854 is divided by 213?
2
What is the remainder when 182 is divided by 37?
34
Calculate the remainder when 62 is divided by 11.
7
Calculate the remainder when 128 is divided by 30.
8
Calculate the remainder when 132 is divided by 48.
36
What is the remainder when 320 is divided by 17?
14
Calculate the remainder when 821 is divided by 57.
23
Calculate the remainder when 9074 is divided by 394.
12
What is the remainder when 78 is divided by 12?
6
Calculate the remainder when 759 is divided by 128.
119
What is the remainder when 83 is divided by 7?
6
What is the remainder when 24 is divided by 19?
5
What is the remainder when 2191 is divided by 440?
431
Calculate the remainder when 213 is divided by 34.
9
What is the remainder when 77 is divided by 47?
30
Calculate the remainder when 227 is divided by 6.
5
What is the remainder when 1050 is divided by 17?
13
What is the remainder when 234 is divided by 80?
74
Calculate the remainder when 215 is divided by 12.
11
Calculate the remainder when 872 is divided by 292.
288
What is the remainder when 992 is divided by 367?
258
Calculate the remainder when 4058 is divided by 99.
98
Calculate the remainder when 226 is divided by 38.
36
Calculate the remainder when 9995 is divided by 119.
118
What is the remainder when 42 is divided by 17?
8
What is the remainder when 239 is divided by 66?
41
Calculate the remainder when 441 is divided by 112.
105
Calculate the remainder when 1139 is divided by 87.
8
What is the remainder when 52 is divided by 1?
0
Calculate the remainder when 15 is divided by 7.
1
Calculate the remainder when 737 is divided by 83.
73
What is the remainder when 1669 is divided by 239?
235
Calculate the remainder when 384 is divided by 128.
0
What is the remainder when 3973 is divided by 11?
2
What is the remainder when 116 is divided by 42?
32
What is the remainder when 25143 is divided by 8?
7
What is the remainder when 893 is divided by 446?
1
Calculate the remainder when 35 is divided by 3.
2
Calculate the remainder when 186 is divided by 21.
18
Calculate the remainder when 945 is divided by 26.
9
Calculate the remainder when 108 is divided by 103.
5
Calculate the remainder when 258 is divided by 41.
12
Calculate the remainder when 66 is divided by 10.
6
Calculate the remainder when 594 is divided by 85.
84
What is the remainder when 514 is divided by 15?
4
What is the remainder when 129 is divided by 53?
23
What is the remainder when 1702 is divided by 116?
78
Calculate the remainder when 1621 is divided by 204.
193
Calculate the remainder when 183 is divided by 37.
35
Calculate the remainder when 274 is divided by 72.
58
What is the remainder when 294 is divided by 59?
58
What is the remainder when 244 is divided by 42?
34
Calculate the remainder when 879 is divided by 21.
18
What is the remainder when 223 is divided by 100?
23
What is the remainder when 112 is divided by 9?
4
Calculate the remainder when 291 is divided by 31.
12
What is the remainder when 119 is divided by 14?
7
Calculate the remainder when 313 is divided by 15.
13
What is the remainder when 5011 is divided by 18?
7
Calculate the remainder when 1034 is divided by 28.
26
What is the remainder when 115 is divided by 10?
5
Calculate the remainder when 164 is divided by 86.
78
Calculate the remainder when 6657 is divided by 3325.
7
What is the remainder when 50 is divided by 6?
2
What is the remainder when 1308 is divided by 18?
12
What is the remainder when 140 is divided by 32?
12
What is the remainder when 437 is divided by 34?
29
What is the remainder when 142 is divided by 41?
19
Calculate the remainder when 675 is divided by 138.
123
Calculate the remainder when 922 is divided by 13.
12
Calculate the remainder when 102 is divided by 37.
28
What is the remainder when 3692 is divided by 86?
80
Calculate the remainder when 715 is divided by 9.
4
Calculate the remainder when 59 is divided by 43.
16
Calculate the remainder when 271 is divided by 156.
115
What is the remainder when 234 is divided by 59?
57
What is the remainder when 2036 is divided by 92?
12
What is the remainder when 195 is divided by 82?
31
Calculate the remainder when 109 is divided by 12.
1
What is the remainder when 1504 is divided by 43?
42
Calculate the remainder when 824 is divided by 15.
14
Calculate the remainder when 33 is divided by 33.
0
What is the remainder when 97 is divided by 20?
17
Calculate the remainder when 2517 is divided by 87.
81
Calculate the remainder when 1076 is divided by 180.
176
Calculate the remainder when 279 is divided by 105.
69
Calculate the remainder when 124 is divided by 118.
6
Calculate the remainder when 59 is divided by 44.
15
Calculate the remainder when 168 is divided by 19.
16
Calculate the remainder when 325 is divided by 55.
50
What is the remainder when 873 is divided by 81?
63
Calculate the remainder when 227 is divided by 138.
89
What is the remainder when 160 is divided by 55?
50
What is the remainder when 208 is divided by 79?
50
What is the remainder when 289 is divided by 33?
25
Calculate the remainder when 1580 is divided by 99.
95
Calculate the remainder when 248 is divided by 42.
38
Calculate the remainder when 4875 is divided by 18.
15
Calculate the remainder when 1186 is divided by 27.
25
What is the remainder when 2142 is divided by 55?
52
Calculate the remainder when 12060 is divided by 116.
112
What is the remainder when 398 is divided by 105?
83
Calculate the remainder when 14698 is divided by 100.
98
What is the remainder when 39219 is divided by 185?
184
Calculate the remainder when 106 is divided by 41.
24
Calculate the remainder when 210 is divided by 33.
12
Calculate the remainder when 110 is divided by 50.
10
What is the remainder when 405 is divided by 71?
50
What is the remainder when 595 is divided by 25?
20
Calculate the remainder when 4 is divided by 2.
0
Calculate the remainder when 7872 is divided by 105.
102
What is the remainder when 37 is divided by 16?
5
Calculate the remainder when 97 is divided by 48.
1
What is the remainder when 123 is divided by 38?
9
Calculate the remainder when 75 is divided by 37.
1
Calculate the remainder when 84 is divided by 29.
26
What is the remainder when 775 is divided by 149?
30
Calculate the remainder when 85 is divided by 48.
37
What is the remainder when 286 is divided by 16?
14
Calculate the remainder when 10654 is divided by 96.
94
What is the remainder when 1765 is divided by 561?
82
What is the remainder when 25 is divided by 4?
1
What is the remainder when 215 is divided by 53?
3
What is the remainder when 132 is divided by 19?
18
What is the remainder when 137 is divided by 8?
1
Calculate the remainder when 92 is divided by 72.
20
What is the remainder when 416 is divided by 164?
88
Calculate the remainder when 75 is divided by 24.
3
What is the remainder when 237 is divided by 60?
57
Calculate the remainder when 235 is divided by 117.
1
What is the remainder when 523 is divided by 100?
23
Calculate the remainder when 5943 is divided by 205.
203
What is the remainder when 1310 is divided by 146?
142
Calculate the remainder when 565 is divided by 553.
12
Calculate the remainder when 2099 is divided by 20.
19
What is the remainder when 3547 is divided by 1179?
10
What is the remainder when 1173 is divided by 25?
23
Calculate the remainder when 1333 is divided by 335.
328
Calculate the remainder when 1072 is divided by 25.
22
Calculate the remainder when 327 is divided by 30.
27
Calculate the remainder when 522 is divided by 135.
117
Calculate the remainder when 123 is divided by 26.
19
Calculate the remainder when 381 is divided by 343.
38
Calculate the remainder when 1213 is divided by 95.
73
What is the remainder when 526 is divided by 10?
6
What is the remainder when 40 is divided by 21?
19
Calculate the remainder when 5543 is divided by 38.
33
Calculate the remainder when 2548 is divided by 197.
184
Calculate the remainder when 176 is divided by 39.
20
What is the remainder when 3644 is divided by 518?
18
What is the remainder when 508 is divided by 17?
15
What is the